{"id":164,"date":"2016-03-17T08:03:16","date_gmt":"2016-03-17T08:03:16","guid":{"rendered":"http:\/\/grundschule-suenna.de\/?page_id=164"},"modified":"2023-02-04T06:58:37","modified_gmt":"2023-02-04T06:58:37","slug":"leitbild","status":"publish","type":"page","link":"https:\/\/grundschule-suenna.de\/?page_id=164","title":{"rendered":"Leitbild"},"content":{"rendered":"<p><a href=\"https:\/\/grundschule-suenna.de\/wp-content\/uploads\/2023\/02\/Leitbild.jpg\"><img decoding=\"async\" loading=\"lazy\" class=\" wp-image-2347 aligncenter\" src=\"https:\/\/grundschule-suenna.de\/wp-content\/uploads\/2023\/02\/Leitbild-219x300.jpg\" alt=\"\" width=\"265\" height=\"358\" \/><\/a><\/p>\n<p><a href=\"https:\/\/grundschule-suenna.de\/wp-content\/uploads\/2023\/02\/Akrostichon-Seite-1.jpg\"><img decoding=\"async\" loading=\"lazy\" class=\"size-medium wp-image-2345 alignleft\" src=\"https:\/\/grundschule-suenna.de\/wp-content\/uploads\/2023\/02\/Akrostichon-Seite-1-232x300.jpg\" alt=\"\" width=\"232\" height=\"300\" srcset=\"https:\/\/grundschule-suenna.de\/wp-content\/uploads\/2023\/02\/Akrostichon-Seite-1-232x300.jpg 232w, https:\/\/grundschule-suenna.de\/wp-content\/uploads\/2023\/02\/Akrostichon-Seite-1.jpg 564w\" sizes=\"(max-width: 232px) 100vw, 232px\" \/><\/a> <a href=\"https:\/\/grundschule-suenna.de\/wp-content\/uploads\/2023\/02\/Akrostichon-Seite-2.jpg\"><img decoding=\"async\" loading=\"lazy\" class=\"size-medium wp-image-2346 alignleft\" src=\"https:\/\/grundschule-suenna.de\/wp-content\/uploads\/2023\/02\/Akrostichon-Seite-2-300x177.jpg\" alt=\"\" width=\"300\" height=\"177\" srcset=\"https:\/\/grundschule-suenna.de\/wp-content\/uploads\/2023\/02\/Akrostichon-Seite-2-300x177.jpg 300w, https:\/\/grundschule-suenna.de\/wp-content\/uploads\/2023\/02\/Akrostichon-Seite-2-500x295.jpg 500w, https:\/\/grundschule-suenna.de\/wp-content\/uploads\/2023\/02\/Akrostichon-Seite-2.jpg 564w\" sizes=\"(max-width: 300px) 100vw, 300px\" \/><\/a><\/p>\n<p style=\"text-align: left;\">\n<p style=\"text-align: left;\">\n<p>&nbsp;<\/p>\n<p>&nbsp;<\/p>\n<p>&nbsp;<\/p>\n<p>&nbsp;<\/p>\n<p>&nbsp;<\/p>\n<p style=\"text-align: justify;\">Herzlich willkommen an unserer Schule, die am Fu\u00dfe des Ulster- und Oechsenberges eine hervorragende Lage bietet, um ein kindgerechtes und naturverbundenes Unterrichten zu erm\u00f6glichen.<\/p>\n<p style=\"text-align: justify;\">Uns ist es wichtig, dass sich alle Kinder geborgen und wohl f\u00fchlen. Wir sind stets bem\u00fcht, das Selbstbewusstsein und das Selbstwertgef\u00fchl der Kinder zu st\u00e4rken, aber auch Regeln in der Gemeinschaft zu tolerieren zu akzeptieren und einzuhalten.<\/p>\n<p style=\"text-align: justify;\">Uns ist es wichtig, dass alle Kinder mit ihren Vorlieben, St\u00e4rken und ihren Schw\u00e4chen einen eigenen Platz in der Schule finden. Wir Lehrer und Erzieher sind stets bem\u00fcht, jedes Kind dort abzuholen, wo es sich gerade nach seinen F\u00e4higkeiten und Fertigkeiten befindet.<\/p>\n<p style=\"text-align: justify;\">In Zusammenarbeit mit den Eltern bem\u00fchen wir uns um eine angemessene F\u00f6rderung. In schulischen Veranstaltungen und\u00a0 Projekten beziehen wir die Familien gerne mit ein.<\/p>\n","protected":false},"excerpt":{"rendered":"<p>&nbsp; &nbsp; &nbsp; &nbsp; &nbsp; Herzlich willkommen an unserer Schule, die am Fu\u00dfe des Ulster- und Oechsenberges eine hervorragende Lage bietet, um ein kindgerechtes und naturverbundenes Unterrichten zu erm\u00f6glichen. Uns ist es wichtig, dass sich alle Kinder geborgen und wohl &hellip; <a class=\"more-link\" href=\"https:\/\/grundschule-suenna.de\/?page_id=164\">Weiterlesen <span class=\"meta-nav\">&rarr;<\/span><\/a><\/p>\n","protected":false},"author":2,"featured_media":0,"parent":160,"menu_order":1,"comment_status":"closed","ping_status":"closed","template":"","meta":[],"_links":{"self":[{"href":"https:\/\/grundschule-suenna.de\/index.php?rest_route=\/wp\/v2\/pages\/164"}],"collection":[{"href":"https:\/\/grundschule-suenna.de\/index.php?rest_route=\/wp\/v2\/pages"}],"about":[{"href":"https:\/\/grundschule-suenna.de\/index.php?rest_route=\/wp\/v2\/types\/page"}],"author":[{"embeddable":true,"href":"https:\/\/grundschule-suenna.de\/index.php?rest_route=\/wp\/v2\/users\/2"}],"replies":[{"embeddable":true,"href":"https:\/\/grundschule-suenna.de\/index.php?rest_route=%2Fwp%2Fv2%2Fcomments&post=164"}],"version-history":[{"count":7,"href":"https:\/\/grundschule-suenna.de\/index.php?rest_route=\/wp\/v2\/pages\/164\/revisions"}],"predecessor-version":[{"id":2348,"href":"https:\/\/grundschule-suenna.de\/index.php?rest_route=\/wp\/v2\/pages\/164\/revisions\/2348"}],"up":[{"embeddable":true,"href":"https:\/\/grundschule-suenna.de\/index.php?rest_route=\/wp\/v2\/pages\/160"}],"wp:attachment":[{"href":"https:\/\/grundschule-suenna.de\/index.php?rest_route=%2Fwp%2Fv2%2Fmedia&parent=164"}],"curies":[{"name":"wp","href":"https:\/\/api.w.org\/{rel}","templated":true}]}}