{"id":168,"date":"2016-03-17T08:04:15","date_gmt":"2016-03-17T08:04:15","guid":{"rendered":"http:\/\/grundschule-suenna.de\/?page_id=168"},"modified":"2016-04-07T15:27:09","modified_gmt":"2016-04-07T15:27:09","slug":"standort","status":"publish","type":"page","link":"https:\/\/grundschule-suenna.de\/?page_id=168","title":{"rendered":"Standort"},"content":{"rendered":"<p>S\u00fcnna liegt zwischen Eisenach und Fulda an der B84 und ist \u00fcber die Autobahn von Friedewald \u00fcber Philippsthal\/Unterbreizbach zu erreichen. Schulgarten und Schulpark befinden sich an der B84, das Schulgeb\u00e4ude selbst an der Stra\u00dfe Richtung Unterbreizbach\/Philippsthal, die am Ortseingang von Vacha kommend nach rechts abzweigt.<\/p>\n","protected":false},"excerpt":{"rendered":"<p>S\u00fcnna liegt zwischen Eisenach und Fulda an der B84 und ist \u00fcber die Autobahn von Friedewald \u00fcber Philippsthal\/Unterbreizbach zu erreichen. Schulgarten und Schulpark befinden sich an der B84, das Schulgeb\u00e4ude selbst an der Stra\u00dfe Richtung Unterbreizbach\/Philippsthal, die am Ortseingang von &hellip; <a class=\"more-link\" href=\"https:\/\/grundschule-suenna.de\/?page_id=168\">Weiterlesen <span class=\"meta-nav\">&rarr;<\/span><\/a><\/p>\n","protected":false},"author":2,"featured_media":0,"parent":160,"menu_order":6,"comment_status":"closed","ping_status":"closed","template":"","meta":[],"_links":{"self":[{"href":"https:\/\/grundschule-suenna.de\/index.php?rest_route=\/wp\/v2\/pages\/168"}],"collection":[{"href":"https:\/\/grundschule-suenna.de\/index.php?rest_route=\/wp\/v2\/pages"}],"about":[{"href":"https:\/\/grundschule-suenna.de\/index.php?rest_route=\/wp\/v2\/types\/page"}],"author":[{"embeddable":true,"href":"https:\/\/grundschule-suenna.de\/index.php?rest_route=\/wp\/v2\/users\/2"}],"replies":[{"embeddable":true,"href":"https:\/\/grundschule-suenna.de\/index.php?rest_route=%2Fwp%2Fv2%2Fcomments&post=168"}],"version-history":[{"count":4,"href":"https:\/\/grundschule-suenna.de\/index.php?rest_route=\/wp\/v2\/pages\/168\/revisions"}],"predecessor-version":[{"id":276,"href":"https:\/\/grundschule-suenna.de\/index.php?rest_route=\/wp\/v2\/pages\/168\/revisions\/276"}],"up":[{"embeddable":true,"href":"https:\/\/grundschule-suenna.de\/index.php?rest_route=\/wp\/v2\/pages\/160"}],"wp:attachment":[{"href":"https:\/\/grundschule-suenna.de\/index.php?rest_route=%2Fwp%2Fv2%2Fmedia&parent=168"}],"curies":[{"name":"wp","href":"https:\/\/api.w.org\/{rel}","templated":true}]}}