{"id":1744,"date":"2021-01-12T08:43:19","date_gmt":"2021-01-12T08:43:19","guid":{"rendered":"https:\/\/grundschule-suenna.de\/?page_id=1744"},"modified":"2025-07-08T11:41:30","modified_gmt":"2025-07-08T11:41:30","slug":"formulare","status":"publish","type":"page","link":"https:\/\/grundschule-suenna.de\/?page_id=1744","title":{"rendered":"Formulare"},"content":{"rendered":"<p>Die Aufnahme in den Hort erfolgt bei Bedarf \u00fcber eine <strong>schriftliche<\/strong> Anmeldung. Hierf\u00fcr ist folgendes Formular zu verwenden (bitte anklicken):<\/p>\n<p><a href=\"https:\/\/grundschule-suenna.de\/wp-content\/uploads\/2025\/07\/Hortantrag-fuer-das-Schuljahr-2025_2026-2.pdf\"><span style=\"color: #ff0000;\"><strong>Hortantrag f\u00fcr das Schuljahr 2025_2026<\/strong><\/span><\/a><\/p>\n<p><strong><span style=\"color: #ff0000;\"><a style=\"color: #ff0000;\" href=\"https:\/\/grundschule-suenna.de\/wp-content\/uploads\/2024\/07\/SEPA-Vordruck-Hort-2013.pdf\">SEPA Vordruck Hort 2013<\/a><\/span><\/strong><\/p>\n<p><span style=\"color: #ff0000;\"><a style=\"color: #ff0000;\" href=\"https:\/\/grundschule-suenna.de\/wp-content\/uploads\/2024\/07\/Infoblatt-Datenschutz.pdf\">Infoblatt Datenschutz<\/a><\/span><\/p>\n<p><span style=\"color: #ff0000;\"> <a style=\"color: #ff0000;\" href=\"https:\/\/grundschule-suenna.de\/wp-content\/uploads\/2024\/07\/INFORMATIONSBLATT-zur-Zahlung-der-Hortgebuehren-2023.pdf\">INFORMATIONSBLATT zur Zahlung der Hortgeb\u00fchren 2023<\/a><\/span><\/p>\n<p>Bitte f\u00fcllen Sie das Formular &#8222;Hortantrag 2025_2026&#8220; und falls gew\u00fcnscht den SEPA-Vordruck vollst\u00e4ndig und sorgf\u00e4ltig aus. Die regelm\u00e4\u00dfige Betreuungszeit (bis oder \u00fcber 10 Stunden je Woche) ist auf dem Antrag zu vermerken! Des Weiteren sind je nach Bedarf Nachweise beizuf\u00fcgen. Achten Sie auch auf die notwendigen Unterschriften und darauf, dass der Hortantrag in der Schule abgegeben werden soll.<\/p>\n<p>Eine eventuelle Abmeldung vom Hortbesuch oder auch eine \u00c4nderung der Betreuungszeiten erfolgt ebenfalls <strong>schriftlich<\/strong>. Nutzen Sie hierf\u00fcr bitte folgende Formulare (bitte anklicken):<\/p>\n<p><a href=\"https:\/\/grundschule-suenna.de\/wp-content\/uploads\/2021\/01\/Kuendigung.pdf\"><strong><span style=\"color: #ff0000;\">K\u00fcndigung<\/span><\/strong><\/a><\/p>\n<p><a href=\"https:\/\/grundschule-suenna.de\/wp-content\/uploads\/2021\/01\/Aenderungsmeldung.pdf\"><strong><span style=\"color: #ff0000;\">\u00c4nderungsmeldung<\/span><\/strong><\/a><\/p>\n<p><strong>Wichtig<\/strong>: Abmeldungen oder auch \u00c4nderungen sind immer <strong>bis sp\u00e4testens zum 15. des laufenden Monats<\/strong> f\u00fcr den folgenden Monat einzureichen.<\/p>\n<hr \/>\n<p><strong>Meldung der ben\u00f6tigten Betreuungszeiten im Schuljahr 2025\/2026<\/strong><\/p>\n<p><strong><span style=\"color: #ff0000;\"><a href=\"https:\/\/grundschule-suenna.de\/wp-content\/uploads\/2025\/07\/Meldung-Hortbetreuungszeiten-fuer-das-Schuljahr-2025_2026-1.pdf\"><span style=\"color: #ff0000;\">Meldung Hortbetreuungszeiten f\u00fcr das Schuljahr 2025_2026<\/span><\/a><\/span><\/strong><\/p>\n<p>Die Meldung erfolgt, sobald Ihr Kind einen Stundenplan durch die Schule erhalten hat. F\u00fcllen Sie die Tabelle bitte vollst\u00e4ndig aus und geben Sie bzw. Ihr Kind das Formular bei der jeweiligen Erzieherin ab.<\/p>\n<p>Da der Stundenplan noch nicht zum ersten Schultag verf\u00fcgbar ist, geben Sie Ihrem Kind bitte zumindest einen Wochenzettel mit den ben\u00f6tigten Betreuungszeiten mit, so dass wir einen \u00dcberblick \u00fcber die Zeiten haben.<\/p>\n<hr \/>\n<p><strong>Antrag &#8211; Besuch einer anderen Schule in den Sommerferien<br \/>\n<\/strong><\/p>\n<p>Sollten Sie in der Schlie\u00dfzeit unseres Schulhortes in den Sommerferien die Betreuung in einem anderen Schulhort (Vacha oder Oechsen) in Anspruch nehmen m\u00fcssen, so f\u00fcllen Sie bitte den angef\u00fcgten Antrag aus und geben Ihn bis sp\u00e4testens 15.04.2024 an unserer Schule ab.<\/p>\n<p><a href=\"https:\/\/grundschule-suenna.de\/wp-content\/uploads\/2023\/11\/Antrag_Besuch-einer-anderen-Schule-waehrend-der-Sommerferien.pdf\"><strong><span style=\"color: #ff0000;\">Antrag_Besuch einer anderen Schule w\u00e4hrend der Sommerferien<\/span><\/strong><\/a><\/p>\n","protected":false},"excerpt":{"rendered":"<p>Die Aufnahme in den Hort erfolgt bei Bedarf \u00fcber eine schriftliche Anmeldung. Hierf\u00fcr ist folgendes Formular zu verwenden (bitte anklicken): Hortantrag f\u00fcr das Schuljahr 2025_2026 SEPA Vordruck Hort 2013 Infoblatt Datenschutz INFORMATIONSBLATT zur Zahlung der Hortgeb\u00fchren 2023 Bitte f\u00fcllen Sie &hellip; <a class=\"more-link\" href=\"https:\/\/grundschule-suenna.de\/?page_id=1744\">Weiterlesen <span class=\"meta-nav\">&rarr;<\/span><\/a><\/p>\n","protected":false},"author":16,"featured_media":0,"parent":1611,"menu_order":1,"comment_status":"closed","ping_status":"closed","template":"","meta":[],"_links":{"self":[{"href":"https:\/\/grundschule-suenna.de\/index.php?rest_route=\/wp\/v2\/pages\/1744"}],"collection":[{"href":"https:\/\/grundschule-suenna.de\/index.php?rest_route=\/wp\/v2\/pages"}],"about":[{"href":"https:\/\/grundschule-suenna.de\/index.php?rest_route=\/wp\/v2\/types\/page"}],"author":[{"embeddable":true,"href":"https:\/\/grundschule-suenna.de\/index.php?rest_route=\/wp\/v2\/users\/16"}],"replies":[{"embeddable":true,"href":"https:\/\/grundschule-suenna.de\/index.php?rest_route=%2Fwp%2Fv2%2Fcomments&post=1744"}],"version-history":[{"count":13,"href":"https:\/\/grundschule-suenna.de\/index.php?rest_route=\/wp\/v2\/pages\/1744\/revisions"}],"predecessor-version":[{"id":2825,"href":"https:\/\/grundschule-suenna.de\/index.php?rest_route=\/wp\/v2\/pages\/1744\/revisions\/2825"}],"up":[{"embeddable":true,"href":"https:\/\/grundschule-suenna.de\/index.php?rest_route=\/wp\/v2\/pages\/1611"}],"wp:attachment":[{"href":"https:\/\/grundschule-suenna.de\/index.php?rest_route=%2Fwp%2Fv2%2Fmedia&parent=1744"}],"curies":[{"name":"wp","href":"https:\/\/api.w.org\/{rel}","templated":true}]}}