{"id":206,"date":"2016-03-17T08:41:34","date_gmt":"2016-03-17T08:41:34","guid":{"rendered":"http:\/\/grundschule-suenna.de\/?page_id=206"},"modified":"2024-05-31T10:22:18","modified_gmt":"2024-05-31T10:22:18","slug":"mitwirkung","status":"publish","type":"page","link":"https:\/\/grundschule-suenna.de\/?page_id=206","title":{"rendered":"Mitwirkung der Eltern"},"content":{"rendered":"<h3>Schulelternsprecher\/-in<\/h3>\n<p>Frau K. Ziegler<\/p>\n<h3>stellv. Schulelternsprecher\/-in<\/h3>\n<p>Frau M. Kleffel<\/p>\n<h3><strong>Klassenelternsprecher\/in<br \/>\n<\/strong><\/h3>\n<table style=\"border-collapse: collapse; width: 91.5456%; height: 264px;\">\n<tbody>\n<tr>\n<td style=\"width: 14.1414%;\"><strong>Klasse<\/strong><\/td>\n<td style=\"width: 40.8369%;\"><strong>Klassenselternsprecher\/-in<\/strong><\/td>\n<td style=\"width: 45.0216%;\"><strong>stellv. Klassenselternsprecher\/-in<\/strong><\/td>\n<\/tr>\n<tr>\n<td style=\"width: 14.1414%;\"><strong>1a<\/strong><\/td>\n<td style=\"width: 40.8369%;\">K. Ziegler<\/td>\n<td style=\"width: 45.0216%;\">S. Kespohl<\/td>\n<\/tr>\n<tr>\n<td style=\"width: 14.1414%;\"><strong>1b<\/strong><\/td>\n<td style=\"width: 40.8369%;\">S. Auth<\/td>\n<td style=\"width: 45.0216%;\">M. Kleffel<\/td>\n<\/tr>\n<tr>\n<td style=\"width: 14.1414%;\"><strong>2a<\/strong><\/td>\n<td style=\"width: 40.8369%;\">S. Riedel<\/td>\n<td style=\"width: 45.0216%;\">C. K\u00fcmmel<\/td>\n<\/tr>\n<tr>\n<td style=\"width: 14.1414%;\"><strong>2b<\/strong><\/td>\n<td style=\"width: 40.8369%;\">C. L\u00fcckert<\/td>\n<td style=\"width: 45.0216%;\">K. Gimpel<\/td>\n<\/tr>\n<tr>\n<td style=\"width: 14.1414%;\"><strong>3a<\/strong><\/td>\n<td style=\"width: 40.8369%;\">N. Dei\u00df-Spangenberg<\/td>\n<td style=\"width: 45.0216%;\">A. Patze<\/td>\n<\/tr>\n<tr>\n<td style=\"width: 14.1414%;\"><strong>3b<\/strong><\/td>\n<td style=\"width: 40.8369%;\">J. Sauer<\/td>\n<td style=\"width: 45.0216%;\">P. Elsner<\/td>\n<\/tr>\n<tr>\n<td style=\"width: 14.1414%;\"><strong>4a<\/strong><\/td>\n<td style=\"width: 40.8369%;\">A. Wehner<\/td>\n<td style=\"width: 45.0216%;\">A. R\u00fcffer<\/td>\n<\/tr>\n<tr>\n<td style=\"width: 14.1414%;\"><strong>4b<\/strong><\/td>\n<td style=\"width: 40.8369%;\">L. Lieding<\/td>\n<td style=\"width: 45.0216%;\">J. Mittelsdorf<\/td>\n<\/tr>\n<\/tbody>\n<\/table>\n<h6><\/h6>\n<p>&nbsp;<\/p>\n","protected":false},"excerpt":{"rendered":"<p>Schulelternsprecher\/-in Frau K. Ziegler stellv. Schulelternsprecher\/-in Frau M. Kleffel Klassenelternsprecher\/in Klasse Klassenselternsprecher\/-in stellv. Klassenselternsprecher\/-in 1a K. Ziegler S. Kespohl 1b S. Auth M. Kleffel 2a S. Riedel C. K\u00fcmmel 2b C. L\u00fcckert K. Gimpel 3a N. Dei\u00df-Spangenberg A. Patze 3b &hellip; <a class=\"more-link\" href=\"https:\/\/grundschule-suenna.de\/?page_id=206\">Weiterlesen <span class=\"meta-nav\">&rarr;<\/span><\/a><\/p>\n","protected":false},"author":2,"featured_media":0,"parent":2711,"menu_order":2,"comment_status":"closed","ping_status":"closed","template":"","meta":[],"_links":{"self":[{"href":"https:\/\/grundschule-suenna.de\/index.php?rest_route=\/wp\/v2\/pages\/206"}],"collection":[{"href":"https:\/\/grundschule-suenna.de\/index.php?rest_route=\/wp\/v2\/pages"}],"about":[{"href":"https:\/\/grundschule-suenna.de\/index.php?rest_route=\/wp\/v2\/types\/page"}],"author":[{"embeddable":true,"href":"https:\/\/grundschule-suenna.de\/index.php?rest_route=\/wp\/v2\/users\/2"}],"replies":[{"embeddable":true,"href":"https:\/\/grundschule-suenna.de\/index.php?rest_route=%2Fwp%2Fv2%2Fcomments&post=206"}],"version-history":[{"count":16,"href":"https:\/\/grundschule-suenna.de\/index.php?rest_route=\/wp\/v2\/pages\/206\/revisions"}],"predecessor-version":[{"id":2674,"href":"https:\/\/grundschule-suenna.de\/index.php?rest_route=\/wp\/v2\/pages\/206\/revisions\/2674"}],"up":[{"embeddable":true,"href":"https:\/\/grundschule-suenna.de\/index.php?rest_route=\/wp\/v2\/pages\/2711"}],"wp:attachment":[{"href":"https:\/\/grundschule-suenna.de\/index.php?rest_route=%2Fwp%2Fv2%2Fmedia&parent=206"}],"curies":[{"name":"wp","href":"https:\/\/api.w.org\/{rel}","templated":true}]}}