{"id":2678,"date":"2024-05-11T05:10:26","date_gmt":"2024-05-11T05:10:26","guid":{"rendered":"https:\/\/grundschule-suenna.de\/?page_id=2678"},"modified":"2024-05-11T05:15:57","modified_gmt":"2024-05-11T05:15:57","slug":"mitgliedshaft","status":"publish","type":"page","link":"https:\/\/grundschule-suenna.de\/?page_id=2678","title":{"rendered":"Mitgliedschaft"},"content":{"rendered":"<h1>Antrag und Beitragsordnung<\/h1>\n<p>Wenn Sie Mitglied in unserem F\u00f6rderverein werden m\u00f6chten, finden Sie hier den notwendigen Antrag. F\u00fcllen Sie ihn aus und geben Ihn in der Schule ab.<\/p>\n<h3><a href=\"https:\/\/grundschule-suenna.de\/wp-content\/uploads\/2024\/05\/Mitgliedsantrag-Foerderverein.pdf\"><strong><span style=\"color: #99cc00;\">Mitgliedsantrag F\u00f6rderverein<\/span><\/strong> (bitte anklicken um zu vergr\u00f6\u00dfern)<\/a><\/h3>\n<h2><\/h2>\n<h2>Beitragsordnung F\u00f6rderverein der Grundschule S\u00fcnna e.V.<\/h2>\n<p>\u00a7 1 Grundsatz<br \/>\nDiese Beitragsordnung ist nicht Bestandteil der Satzung. Sie regelt die Beitragsverpflichtungen der Mitglieder sowie die Geb\u00fchren und Umlagen. Sie kann nur von der Mitgliederversammlung des Vereins ge\u00e4ndert werden.<\/p>\n<p>\u00a7 2 Beschl\u00fcsse<br \/>\n1. Die Mitgliederversammlung beschlie\u00dft die H\u00f6he des Beitrags, die Aufnahmegeb\u00fchr und Umlagen. Der Vorstand legt die Geb\u00fchren fest.<br \/>\n2. Die festgesetzten Betr\u00e4ge werden zum 1. des folgenden Monats erhoben, in dem das Mitglied in den Verein eingetreten ist.<\/p>\n<p>\u00a7 3 Beitr\u00e4ge<br \/>\nDie Mitglieder k\u00f6nnen zwischen folgenden Optionen je nach ihren eigenen M\u00f6glichkeiten w\u00e4hlen:<br \/>\n1. Jahresbeitrag 12,-\u20ac<br \/>\n2. Freiw\u00e4hlbarer Betrag<\/p>\n<p>Wenn mehrere Menschen einer Familie dem Verein beitreten m\u00f6chten, k\u00f6nnen die Beitr\u00e4ge entsprechend angepasst werden.Der Mitgliedsbeitrag wird durch Einzugserm\u00e4chtigung zum Folgemonat f\u00fcr ein halbes oder ganzes Jahr vom Konto abgebucht.<\/p>\n","protected":false},"excerpt":{"rendered":"<p>Antrag und Beitragsordnung Wenn Sie Mitglied in unserem F\u00f6rderverein werden m\u00f6chten, finden Sie hier den notwendigen Antrag. F\u00fcllen Sie ihn aus und geben Ihn in der Schule ab. Mitgliedsantrag F\u00f6rderverein (bitte anklicken um zu vergr\u00f6\u00dfern) Beitragsordnung F\u00f6rderverein der Grundschule S\u00fcnna &hellip; <a class=\"more-link\" href=\"https:\/\/grundschule-suenna.de\/?page_id=2678\">Weiterlesen <span class=\"meta-nav\">&rarr;<\/span><\/a><\/p>\n","protected":false},"author":3,"featured_media":0,"parent":2666,"menu_order":1,"comment_status":"closed","ping_status":"closed","template":"","meta":[],"_links":{"self":[{"href":"https:\/\/grundschule-suenna.de\/index.php?rest_route=\/wp\/v2\/pages\/2678"}],"collection":[{"href":"https:\/\/grundschule-suenna.de\/index.php?rest_route=\/wp\/v2\/pages"}],"about":[{"href":"https:\/\/grundschule-suenna.de\/index.php?rest_route=\/wp\/v2\/types\/page"}],"author":[{"embeddable":true,"href":"https:\/\/grundschule-suenna.de\/index.php?rest_route=\/wp\/v2\/users\/3"}],"replies":[{"embeddable":true,"href":"https:\/\/grundschule-suenna.de\/index.php?rest_route=%2Fwp%2Fv2%2Fcomments&post=2678"}],"version-history":[{"count":3,"href":"https:\/\/grundschule-suenna.de\/index.php?rest_route=\/wp\/v2\/pages\/2678\/revisions"}],"predecessor-version":[{"id":2683,"href":"https:\/\/grundschule-suenna.de\/index.php?rest_route=\/wp\/v2\/pages\/2678\/revisions\/2683"}],"up":[{"embeddable":true,"href":"https:\/\/grundschule-suenna.de\/index.php?rest_route=\/wp\/v2\/pages\/2666"}],"wp:attachment":[{"href":"https:\/\/grundschule-suenna.de\/index.php?rest_route=%2Fwp%2Fv2%2Fmedia&parent=2678"}],"curies":[{"name":"wp","href":"https:\/\/api.w.org\/{rel}","templated":true}]}}